{"id":360,"date":"2023-08-06T18:17:26","date_gmt":"2023-08-06T21:17:26","guid":{"rendered":"https:\/\/multipliquesolution.com\/?page_id=360"},"modified":"2023-09-11T09:05:43","modified_gmt":"2023-09-11T12:05:43","slug":"consultoria","status":"publish","type":"page","link":"https:\/\/multipliquesolution.com\/index.php\/consultoria\/","title":{"rendered":"Consultoria"},"content":{"rendered":"\t\t<div data-elementor-type=\"wp-page\" data-elementor-id=\"360\" class=\"elementor elementor-360\">\n\t\t\t\t\t\t<section class=\"elementor-section elementor-top-section elementor-element elementor-element-4b41afb elementor-section-boxed elementor-section-height-default elementor-section-height-default\" data-id=\"4b41afb\" data-element_type=\"section\" data-settings=\"{&quot;background_background&quot;:&quot;classic&quot;}\">\n\t\t\t\t\t\t<div class=\"elementor-container elementor-column-gap-default\">\n\t\t\t\t\t<div class=\"elementor-column elementor-col-33 elementor-top-column elementor-element elementor-element-e810afa\" data-id=\"e810afa\" data-element_type=\"column\">\n\t\t\t<div class=\"elementor-widget-wrap\">\n\t\t\t\t\t\t\t<\/div>\n\t\t<\/div>\n\t\t\t\t<div class=\"elementor-column elementor-col-33 elementor-top-column elementor-element elementor-element-3cae2f3\" data-id=\"3cae2f3\" data-element_type=\"column\">\n\t\t\t<div class=\"elementor-widget-wrap elementor-element-populated\">\n\t\t\t\t\t\t<div class=\"elementor-element elementor-element-8fc6eeb elementor-align-center elementor-widget elementor-widget-button\" data-id=\"8fc6eeb\" data-element_type=\"widget\" data-widget_type=\"button.default\">\n\t\t\t\t<div class=\"elementor-widget-container\">\n\t\t\t\t\t<div class=\"elementor-button-wrapper\">\n\t\t\t<a class=\"elementor-button elementor-button-link elementor-size-sm\" href=\"https:\/\/multipliquesolution.com\/index.php\/contato\/\">\n\t\t\t\t\t\t<span class=\"elementor-button-content-wrapper\">\n\t\t\t\t\t\t\t\t\t<span class=\"elementor-button-text\">Contato<\/span>\n\t\t\t\t\t<\/span>\n\t\t\t\t\t<\/a>\n\t\t<\/div>\n\t\t\t\t<\/div>\n\t\t\t\t<\/div>\n\t\t\t\t\t<\/div>\n\t\t<\/div>\n\t\t\t\t<div class=\"elementor-column elementor-col-33 elementor-top-column elementor-element elementor-element-e62ab8a\" data-id=\"e62ab8a\" data-element_type=\"column\">\n\t\t\t<div class=\"elementor-widget-wrap\">\n\t\t\t\t\t\t\t<\/div>\n\t\t<\/div>\n\t\t\t\t\t<\/div>\n\t\t<\/section>\n\t\t\t\t<section class=\"elementor-section elementor-top-section elementor-element elementor-element-59cd5c9 elementor-section-content-middle elementor-section-height-min-height elementor-section-boxed elementor-section-height-default elementor-section-items-middle\" data-id=\"59cd5c9\" data-element_type=\"section\" data-settings=\"{&quot;background_background&quot;:&quot;classic&quot;}\">\n\t\t\t\t\t\t\t<div class=\"elementor-background-overlay\"><\/div>\n\t\t\t\t\t\t\t<div class=\"elementor-container elementor-column-gap-no\">\n\t\t\t\t\t<div class=\"elementor-column elementor-col-100 elementor-top-column elementor-element elementor-element-4b948023\" data-id=\"4b948023\" data-element_type=\"column\">\n\t\t\t<div class=\"elementor-widget-wrap elementor-element-populated\">\n\t\t\t\t\t\t<div class=\"elementor-element elementor-element-7669ae5 elementor-widget elementor-widget-heading\" data-id=\"7669ae5\" data-element_type=\"widget\" data-widget_type=\"heading.default\">\n\t\t\t\t<div class=\"elementor-widget-container\">\n\t\t\t<style>\/*! elementor - v3.21.0 - 22-05-2024 *\/\n.elementor-heading-title{padding:0;margin:0;line-height:1}.elementor-widget-heading .elementor-heading-title[class*=elementor-size-]>a{color:inherit;font-size:inherit;line-height:inherit}.elementor-widget-heading .elementor-heading-title.elementor-size-small{font-size:15px}.elementor-widget-heading .elementor-heading-title.elementor-size-medium{font-size:19px}.elementor-widget-heading .elementor-heading-title.elementor-size-large{font-size:29px}.elementor-widget-heading .elementor-heading-title.elementor-size-xl{font-size:39px}.elementor-widget-heading .elementor-heading-title.elementor-size-xxl{font-size:59px}<\/style><h1 class=\"elementor-heading-title elementor-size-default\">Licita\u00e7\u00f5es<\/h1>\t\t<\/div>\n\t\t\t\t<\/div>\n\t\t\t\t\t<\/div>\n\t\t<\/div>\n\t\t\t\t\t<\/div>\n\t\t<\/section>\n\t\t\t\t<section class=\"elementor-section elementor-top-section elementor-element elementor-element-2e2a514 elementor-reverse-tablet elementor-reverse-mobile elementor-section-boxed elementor-section-height-default elementor-section-height-default\" data-id=\"2e2a514\" data-element_type=\"section\">\n\t\t\t\t\t\t<div class=\"elementor-container elementor-column-gap-no\">\n\t\t\t\t\t<div class=\"elementor-column elementor-col-50 elementor-top-column elementor-element elementor-element-dd0ea9b\" data-id=\"dd0ea9b\" data-element_type=\"column\">\n\t\t\t<div class=\"elementor-widget-wrap elementor-element-populated\">\n\t\t\t\t\t\t<div class=\"elementor-element elementor-element-b2d2a28 elementor-invisible elementor-widget elementor-widget-jkit_heading\" data-id=\"b2d2a28\" data-element_type=\"widget\" data-settings=\"{&quot;_animation&quot;:&quot;fadeInLeft&quot;}\" data-widget_type=\"jkit_heading.default\">\n\t\t\t\t<div class=\"elementor-widget-container\">\n\t\t\t<div  class=\"jeg-elementor-kit jkit-heading  align-left align-tablet- align-mobile-center jeg_module___69e380d60118a\" ><h3 class=\"heading-section-subtitle  style-color\">Consultoria em Licita\u00e7\u00f5es P\u00fablicas: <\/h3><div class=\"heading-section-title  display-inline-block\"><h2 class=\"heading-title\"><\/h2><\/div><div class=\"heading-section-description\"><p>Uma empresa de estrutura\u00e7\u00e3o de licita\u00e7\u00e3o no Brasil precisa oferecer aos clientes uma s\u00e9rie de servi\u00e7os e expertise para auxili\u00e1-los durante todo o processo de participa\u00e7\u00e3o em licita\u00e7\u00f5es p\u00fablicas. Algumas das principais ofertas que essa empresa deve fornecer s\u00e3o:<\/p><\/div><\/div>\t\t<\/div>\n\t\t\t\t<\/div>\n\t\t\t\t<section class=\"elementor-section elementor-inner-section elementor-element elementor-element-66dd901 elementor-section-boxed elementor-section-height-default elementor-section-height-default elementor-invisible\" data-id=\"66dd901\" data-element_type=\"section\" data-settings=\"{&quot;animation&quot;:&quot;fadeInLeft&quot;}\">\n\t\t\t\t\t\t<div class=\"elementor-container elementor-column-gap-no\">\n\t\t\t\t\t<div class=\"elementor-column elementor-col-100 elementor-inner-column elementor-element elementor-element-f47e464\" data-id=\"f47e464\" data-element_type=\"column\">\n\t\t\t<div class=\"elementor-widget-wrap elementor-element-populated\">\n\t\t\t\t\t\t<div class=\"elementor-element elementor-element-bb996a5 elementor-widget elementor-widget-jkit_accordion\" data-id=\"bb996a5\" data-element_type=\"widget\" data-widget_type=\"jkit_accordion.default\">\n\t\t\t\t<div class=\"elementor-widget-container\">\n\t\t\t<div  class=\"jeg-elementor-kit jkit-accordion style-default jeg_module__1_69e380d60465b\" ><div class=\"card-wrapper expand\">\n                <div class=\"card-header background-gradient\">\n                    <a href=\"#expand-6f75bf4\" class=\"card-header-button\" aria-expanded=\"false\" data-target=\"#expand-6f75bf4\" aria-controls=\"expand-6f75bf4\">\n                        <span class=\"title\">Assessoria jur\u00eddica<\/span><div class=\"right-icon-group\">\n                <div class=\"normal-icon\"><i aria-hidden=\"true\" class=\"fas fa-chevron-down\"><\/i><\/div>\n                <div class=\"active-icon\"><i aria-hidden=\"true\" class=\"fas fa-chevron-up\"><\/i><\/div>\n            <\/div>\n                    <\/a>\n                <\/div>\n                <div class=\"card-expand\" id=\"expand-6f75bf4\" style=\"display:block\"><div class=\"card-body\"><p>Orienta\u00e7\u00e3o legal sobre os aspectos e requisitos da legisla\u00e7\u00e3o de licita\u00e7\u00f5es, garantindo que todas as etapas sejam realizadas em conformidade com a legisla\u00e7\u00e3o vigente.<\/p><\/div><\/div>\n            <\/div><div class=\"card-wrapper \">\n                <div class=\"card-header background-gradient\">\n                    <a href=\"#expand-6a4960b\" class=\"card-header-button\" aria-expanded=\"false\" data-target=\"#expand-6a4960b\" aria-controls=\"expand-6a4960b\">\n                        <span class=\"title\">Consultoria t\u00e9cnica<\/span><div class=\"right-icon-group\">\n                <div class=\"normal-icon\"><i aria-hidden=\"true\" class=\"fas fa-chevron-down\"><\/i><\/div>\n                <div class=\"active-icon\"><i aria-hidden=\"true\" class=\"fas fa-chevron-up\"><\/i><\/div>\n            <\/div>\n                    <\/a>\n                <\/div>\n                <div class=\"card-expand\" id=\"expand-6a4960b\" style=\"display:none\"><div class=\"card-body\"><p>Aux\u00edlio na elabora\u00e7\u00e3o dos documentos t\u00e9cnicos exigidos pela licita\u00e7\u00e3o, como projetos, planilhas, especifica\u00e7\u00f5es t\u00e9cnicas, entre outros.<\/p><\/div><\/div>\n            <\/div><div class=\"card-wrapper \">\n                <div class=\"card-header background-gradient\">\n                    <a href=\"#expand-031ca60\" class=\"card-header-button\" aria-expanded=\"false\" data-target=\"#expand-031ca60\" aria-controls=\"expand-031ca60\">\n                        <span class=\"title\">Pesquisa de editais<\/span><div class=\"right-icon-group\">\n                <div class=\"normal-icon\"><i aria-hidden=\"true\" class=\"fas fa-chevron-down\"><\/i><\/div>\n                <div class=\"active-icon\"><i aria-hidden=\"true\" class=\"fas fa-chevron-up\"><\/i><\/div>\n            <\/div>\n                    <\/a>\n                <\/div>\n                <div class=\"card-expand\" id=\"expand-031ca60\" style=\"display:none\"><div class=\"card-body\"><p>Identifica\u00e7\u00e3o e an\u00e1lise de oportunidades de licita\u00e7\u00e3o que se enquadrem no perfil e interesse do cliente.<\/p><\/div><\/div>\n            <\/div><div class=\"card-wrapper \">\n                <div class=\"card-header background-gradient\">\n                    <a href=\"#expand-15b1152\" class=\"card-header-button\" aria-expanded=\"false\" data-target=\"#expand-15b1152\" aria-controls=\"expand-15b1152\">\n                        <span class=\"title\">Elabora\u00e7\u00e3o de propostas<\/span><div class=\"right-icon-group\">\n                <div class=\"normal-icon\"><i aria-hidden=\"true\" class=\"fas fa-chevron-down\"><\/i><\/div>\n                <div class=\"active-icon\"><i aria-hidden=\"true\" class=\"fas fa-chevron-up\"><\/i><\/div>\n            <\/div>\n                    <\/a>\n                <\/div>\n                <div class=\"card-expand\" id=\"expand-15b1152\" style=\"display:none\"><div class=\"card-body\"><p>Suporte na prepara\u00e7\u00e3o das propostas comerciais, com a adequada precifica\u00e7\u00e3o dos produtos ou servi\u00e7os a serem ofertados.<\/p><\/div><\/div>\n            <\/div><div class=\"card-wrapper \">\n                <div class=\"card-header background-gradient\">\n                    <a href=\"#expand-6efa49f\" class=\"card-header-button\" aria-expanded=\"false\" data-target=\"#expand-6efa49f\" aria-controls=\"expand-6efa49f\">\n                        <span class=\"title\">Acompanhamento de prazos<\/span><div class=\"right-icon-group\">\n                <div class=\"normal-icon\"><i aria-hidden=\"true\" class=\"fas fa-chevron-down\"><\/i><\/div>\n                <div class=\"active-icon\"><i aria-hidden=\"true\" class=\"fas fa-chevron-up\"><\/i><\/div>\n            <\/div>\n                    <\/a>\n                <\/div>\n                <div class=\"card-expand\" id=\"expand-6efa49f\" style=\"display:none\"><div class=\"card-body\"><p>Monitoramento dos prazos e datas importantes relacionados \u00e0 licita\u00e7\u00e3o, para evitar a perda de oportunidades.<\/p><\/div><\/div>\n            <\/div><div class=\"card-wrapper \">\n                <div class=\"card-header background-gradient\">\n                    <a href=\"#expand-b13f3ef\" class=\"card-header-button\" aria-expanded=\"false\" data-target=\"#expand-b13f3ef\" aria-controls=\"expand-b13f3ef\">\n                        <span class=\"title\">Interposi\u00e7\u00e3o de recursos<\/span><div class=\"right-icon-group\">\n                <div class=\"normal-icon\"><i aria-hidden=\"true\" class=\"fas fa-chevron-down\"><\/i><\/div>\n                <div class=\"active-icon\"><i aria-hidden=\"true\" class=\"fas fa-chevron-up\"><\/i><\/div>\n            <\/div>\n                    <\/a>\n                <\/div>\n                <div class=\"card-expand\" id=\"expand-b13f3ef\" style=\"display:none\"><div class=\"card-body\"><p>Em caso de questionamentos ou impugna\u00e7\u00f5es durante o processo licitat\u00f3rio, a empresa pode auxiliar na elabora\u00e7\u00e3o de recursos administrativos.<\/p><\/div><\/div>\n            <\/div><div class=\"card-wrapper \">\n                <div class=\"card-header background-gradient\">\n                    <a href=\"#expand-e15c1c7\" class=\"card-header-button\" aria-expanded=\"false\" data-target=\"#expand-e15c1c7\" aria-controls=\"expand-e15c1c7\">\n                        <span class=\"title\">Treinamentos e capacita\u00e7\u00e3o<\/span><div class=\"right-icon-group\">\n                <div class=\"normal-icon\"><i aria-hidden=\"true\" class=\"fas fa-chevron-down\"><\/i><\/div>\n                <div class=\"active-icon\"><i aria-hidden=\"true\" class=\"fas fa-chevron-up\"><\/i><\/div>\n            <\/div>\n                    <\/a>\n                <\/div>\n                <div class=\"card-expand\" id=\"expand-e15c1c7\" style=\"display:none\"><div class=\"card-body\"><p>Oferecer treinamentos para capacitar a equipe do cliente em rela\u00e7\u00e3o aos procedimentos e t\u00e9cnicas para participa\u00e7\u00e3o em licita\u00e7\u00f5es.<\/p><\/div><\/div>\n            <\/div><div class=\"card-wrapper \">\n                <div class=\"card-header background-gradient\">\n                    <a href=\"#expand-e0a2af6\" class=\"card-header-button\" aria-expanded=\"false\" data-target=\"#expand-e0a2af6\" aria-controls=\"expand-e0a2af6\">\n                        <span class=\"title\">An\u00e1lise de viabilidade<\/span><div class=\"right-icon-group\">\n                <div class=\"normal-icon\"><i aria-hidden=\"true\" class=\"fas fa-chevron-down\"><\/i><\/div>\n                <div class=\"active-icon\"><i aria-hidden=\"true\" class=\"fas fa-chevron-up\"><\/i><\/div>\n            <\/div>\n                    <\/a>\n                <\/div>\n                <div class=\"card-expand\" id=\"expand-e0a2af6\" style=\"display:none\"><div class=\"card-body\"><p>Avaliar a viabilidade da participa\u00e7\u00e3o em licita\u00e7\u00f5es, considerando aspectos como custos, competitividade e riscos envolvidos.<\/p><\/div><\/div>\n            <\/div><div class=\"card-wrapper \">\n                <div class=\"card-header background-gradient\">\n                    <a href=\"#expand-c8dff19\" class=\"card-header-button\" aria-expanded=\"false\" data-target=\"#expand-c8dff19\" aria-controls=\"expand-c8dff19\">\n                        <span class=\"title\">Estrat\u00e9gias de negocia\u00e7\u00e3o<\/span><div class=\"right-icon-group\">\n                <div class=\"normal-icon\"><i aria-hidden=\"true\" class=\"fas fa-chevron-down\"><\/i><\/div>\n                <div class=\"active-icon\"><i aria-hidden=\"true\" class=\"fas fa-chevron-up\"><\/i><\/div>\n            <\/div>\n                    <\/a>\n                <\/div>\n                <div class=\"card-expand\" id=\"expand-c8dff19\" style=\"display:none\"><div class=\"card-body\"><p>Apoiar o cliente nas negocia\u00e7\u00f5es com os \u00f3rg\u00e3os licitantes, buscando obter melhores condi\u00e7\u00f5es contratuais.<\/p><\/div><\/div>\n            <\/div><div class=\"card-wrapper \">\n                <div class=\"card-header background-gradient\">\n                    <a href=\"#expand-742cacb\" class=\"card-header-button\" aria-expanded=\"false\" data-target=\"#expand-742cacb\" aria-controls=\"expand-742cacb\">\n                        <span class=\"title\">Acompanhamento p\u00f3s-licita\u00e7\u00e3o<\/span><div class=\"right-icon-group\">\n                <div class=\"normal-icon\"><i aria-hidden=\"true\" class=\"fas fa-chevron-down\"><\/i><\/div>\n                <div class=\"active-icon\"><i aria-hidden=\"true\" class=\"fas fa-chevron-up\"><\/i><\/div>\n            <\/div>\n                    <\/a>\n                <\/div>\n                <div class=\"card-expand\" id=\"expand-742cacb\" style=\"display:none\"><div class=\"card-body\"><p>Prestar assist\u00eancia ap\u00f3s o t\u00e9rmino do processo licitat\u00f3rio, acompanhando a execu\u00e7\u00e3o do contrato e eventuais ajustes necess\u00e1rios.<\/p><\/div><\/div>\n            <\/div><\/div>\t\t<\/div>\n\t\t\t\t<\/div>\n\t\t\t\t<div class=\"elementor-element elementor-element-b09923d elementor-align-center elementor-widget__width-initial elementor-mobile-align-center elementor-widget-mobile__width-inherit elementor-hidden-desktop elementor-widget elementor-widget-button\" data-id=\"b09923d\" data-element_type=\"widget\" data-widget_type=\"button.default\">\n\t\t\t\t<div class=\"elementor-widget-container\">\n\t\t\t\t\t<div class=\"elementor-button-wrapper\">\n\t\t\t<a class=\"elementor-button elementor-button-link elementor-size-md\" href=\"https:\/\/multipliquesolution.com\/index.php\/contato\/\">\n\t\t\t\t\t\t<span class=\"elementor-button-content-wrapper\">\n\t\t\t\t\t\t<span class=\"elementor-button-icon elementor-align-icon-left\">\n\t\t\t\t<i aria-hidden=\"true\" class=\"fas fa-paper-plane\"><\/i>\t\t\t<\/span>\n\t\t\t\t\t\t\t\t\t<span class=\"elementor-button-text\">Vamos conversar<\/span>\n\t\t\t\t\t<\/span>\n\t\t\t\t\t<\/a>\n\t\t<\/div>\n\t\t\t\t<\/div>\n\t\t\t\t<\/div>\n\t\t\t\t\t<\/div>\n\t\t<\/div>\n\t\t\t\t\t<\/div>\n\t\t<\/section>\n\t\t\t\t\t<\/div>\n\t\t<\/div>\n\t\t\t\t<div class=\"elementor-column elementor-col-50 elementor-top-column elementor-element elementor-element-221e7ed\" data-id=\"221e7ed\" data-element_type=\"column\">\n\t\t\t<div class=\"elementor-widget-wrap elementor-element-populated\">\n\t\t\t\t\t\t<div class=\"elementor-element elementor-element-3cd8c74 elementor-absolute animated-slow elementor-widget-tablet__width-auto elementor-widget__width-initial elementor-widget-mobile__width-initial elementor-invisible elementor-widget elementor-widget-image\" data-id=\"3cd8c74\" data-element_type=\"widget\" data-settings=\"{&quot;_position&quot;:&quot;absolute&quot;,&quot;_animation&quot;:&quot;fadeInRight&quot;}\" data-widget_type=\"image.default\">\n\t\t\t\t<div class=\"elementor-widget-container\">\n\t\t\t<style>\/*! elementor - v3.21.0 - 22-05-2024 *\/\n.elementor-widget-image{text-align:center}.elementor-widget-image a{display:inline-block}.elementor-widget-image a img[src$=\".svg\"]{width:48px}.elementor-widget-image img{vertical-align:middle;display:inline-block}<\/style>\t\t\t\t\t\t\t\t\t\t<img decoding=\"async\" src=\"https:\/\/multipliquesolution.com\/wp-content\/uploads\/2023\/08\/edital-de-licitacao-como-criar.jpg\" title=\"edital-de-licitacao-como-criar\" alt=\"edital-de-licitacao-como-criar\" loading=\"lazy\" \/>\t\t\t\t\t\t\t\t\t\t\t\t\t<\/div>\n\t\t\t\t<\/div>\n\t\t\t\t<div class=\"elementor-element elementor-element-bee4fb4 animated-slow elementor-widget__width-initial elementor-invisible elementor-widget elementor-widget-image\" data-id=\"bee4fb4\" data-element_type=\"widget\" data-settings=\"{&quot;_animation&quot;:&quot;fadeInLeft&quot;}\" data-widget_type=\"image.default\">\n\t\t\t\t<div class=\"elementor-widget-container\">\n\t\t\t\t\t\t\t\t\t\t\t\t\t<img decoding=\"async\" src=\"https:\/\/multipliquesolution.com\/wp-content\/uploads\/2023\/08\/close-up-of-laptop-with-graphs-charts-of-marketing-agency.jpg\" title=\"close-up-of-laptop-with-graphs-charts-of-marketing-agency.jpg\" alt=\"close-up-of-laptop-with-graphs-charts-of-marketing-agency.jpg\" loading=\"lazy\" \/>\t\t\t\t\t\t\t\t\t\t\t\t\t<\/div>\n\t\t\t\t<\/div>\n\t\t\t\t<section class=\"elementor-section elementor-inner-section elementor-element elementor-element-2ce4b54 elementor-section-boxed elementor-section-height-default elementor-section-height-default\" data-id=\"2ce4b54\" data-element_type=\"section\">\n\t\t\t\t\t\t<div class=\"elementor-container elementor-column-gap-default\">\n\t\t\t\t\t<div class=\"elementor-column elementor-col-100 elementor-inner-column elementor-element elementor-element-4cb5ab1\" data-id=\"4cb5ab1\" data-element_type=\"column\">\n\t\t\t<div class=\"elementor-widget-wrap elementor-element-populated\">\n\t\t\t\t\t\t<div class=\"elementor-element elementor-element-5647a3c3 elementor-align-center elementor-widget__width-initial elementor-mobile-align-justify elementor-widget-mobile__width-inherit elementor-hidden-tablet elementor-hidden-mobile elementor-widget elementor-widget-button\" data-id=\"5647a3c3\" data-element_type=\"widget\" data-widget_type=\"button.default\">\n\t\t\t\t<div class=\"elementor-widget-container\">\n\t\t\t\t\t<div class=\"elementor-button-wrapper\">\n\t\t\t<a class=\"elementor-button elementor-button-link elementor-size-md\" href=\"https:\/\/multipliquesolution.com\/index.php\/contato\/\">\n\t\t\t\t\t\t<span class=\"elementor-button-content-wrapper\">\n\t\t\t\t\t\t<span class=\"elementor-button-icon elementor-align-icon-left\">\n\t\t\t\t<i aria-hidden=\"true\" class=\"fas fa-paper-plane\"><\/i>\t\t\t<\/span>\n\t\t\t\t\t\t\t\t\t<span class=\"elementor-button-text\">Vamos conversar<\/span>\n\t\t\t\t\t<\/span>\n\t\t\t\t\t<\/a>\n\t\t<\/div>\n\t\t\t\t<\/div>\n\t\t\t\t<\/div>\n\t\t\t\t\t<\/div>\n\t\t<\/div>\n\t\t\t\t\t<\/div>\n\t\t<\/section>\n\t\t\t\t\t<\/div>\n\t\t<\/div>\n\t\t\t\t\t<\/div>\n\t\t<\/section>\n\t\t\t\t<\/div>\n\t\t","protected":false},"excerpt":{"rendered":"<p>Contato Licita\u00e7\u00f5es Consultoria em Licita\u00e7\u00f5es P\u00fablicas: Uma empresa de estrutura\u00e7\u00e3o de licita\u00e7\u00e3o no Brasil precisa oferecer aos clientes uma s\u00e9rie de servi\u00e7os e expertise para auxili\u00e1-los durante todo o processo de participa\u00e7\u00e3o em licita\u00e7\u00f5es p\u00fablicas. Algumas das principais ofertas que essa empresa deve fornecer s\u00e3o: Assessoria jur\u00eddica Orienta\u00e7\u00e3o legal sobre os aspectos e requisitos da&#8230;<\/p>\n","protected":false},"author":1,"featured_media":0,"parent":0,"menu_order":0,"comment_status":"closed","ping_status":"closed","template":"","meta":{"footnotes":""},"_links":{"self":[{"href":"https:\/\/multipliquesolution.com\/index.php\/wp-json\/wp\/v2\/pages\/360"}],"collection":[{"href":"https:\/\/multipliquesolution.com\/index.php\/wp-json\/wp\/v2\/pages"}],"about":[{"href":"https:\/\/multipliquesolution.com\/index.php\/wp-json\/wp\/v2\/types\/page"}],"author":[{"embeddable":true,"href":"https:\/\/multipliquesolution.com\/index.php\/wp-json\/wp\/v2\/users\/1"}],"replies":[{"embeddable":true,"href":"https:\/\/multipliquesolution.com\/index.php\/wp-json\/wp\/v2\/comments?post=360"}],"version-history":[{"count":37,"href":"https:\/\/multipliquesolution.com\/index.php\/wp-json\/wp\/v2\/pages\/360\/revisions"}],"predecessor-version":[{"id":1156,"href":"https:\/\/multipliquesolution.com\/index.php\/wp-json\/wp\/v2\/pages\/360\/revisions\/1156"}],"wp:attachment":[{"href":"https:\/\/multipliquesolution.com\/index.php\/wp-json\/wp\/v2\/media?parent=360"}],"curies":[{"name":"wp","href":"https:\/\/api.w.org\/{rel}","templated":true}]}}